{"id":166,"date":"2016-02-20T15:54:37","date_gmt":"2016-02-20T13:54:37","guid":{"rendered":"http:\/\/pozantiotokurtarma.com\/?page_id=166"},"modified":"2022-07-21T12:06:33","modified_gmt":"2022-07-21T09:06:33","slug":"araclarimiz","status":"publish","type":"page","link":"https:\/\/pozantiotokurtarma.com\/index.php\/araclarimiz\/","title":{"rendered":"Ara\u00e7lar\u0131m\u0131z"},"content":{"rendered":"<p>Oto Kurtar\u0131c\u0131, Kurtarma, \u00e7ekici, oto yard\u0131m<\/p>\n<p>Kamyon Kurtar\u0131c\u0131,&nbsp;Kurtarma, \u00e7ekici, oto yard\u0131m<\/p>\n<p>Otob\u00fcs Kurtar\u0131c\u0131,&nbsp;Kurtarma, \u00e7ekici, oto yard\u0131m<\/p>\n<p>T\u0131r Kurtar\u0131c\u0131,&nbsp;Kurtarma, \u00e7ekici, oto yard\u0131m<\/p>\n<p>Vin\u00e7<\/p>\n<p>Forklif<\/p>\n<p><a href=\"tel:05326082122\">0532 608 21 22 Mobil Telefonunuzdan buraya T\u0131klayarak bizi arayabilirsiniz.<\/a><\/p>\n<h2 style=\"text-align: center;\">0532 608 21 22<\/h2>\n<h2 style=\"text-align: center;\">0505 541 41 28<\/h2>\n<p>&nbsp;<\/p>\n<figure id=\"attachment_184\" aria-describedby=\"caption-attachment-184\" style=\"width: 720px\" class=\"wp-caption alignnone\"><img loading=\"lazy\" class=\"size-full wp-image-184\" src=\"http:\/\/pozantiotokurtarma.com\/wp-content\/uploads\/2016\/02\/12516313_10153746380059504_1491756683_n.jpg\" alt=\"Pozant\u0131 Oto Kurtarma\" width=\"720\" height=\"960\" srcset=\"https:\/\/pozantiotokurtarma.com\/wp-content\/uploads\/2016\/02\/12516313_10153746380059504_1491756683_n.jpg 720w, https:\/\/pozantiotokurtarma.com\/wp-content\/uploads\/2016\/02\/12516313_10153746380059504_1491756683_n-41x55.jpg 41w\" sizes=\"(max-width: 720px) 100vw, 720px\" \/><figcaption id=\"caption-attachment-184\" class=\"wp-caption-text\">Pozant\u0131 Oto Kurtarma<\/figcaption><\/figure>\n<figure id=\"attachment_188\" aria-describedby=\"caption-attachment-188\" style=\"width: 720px\" class=\"wp-caption alignnone\"><img loading=\"lazy\" class=\"size-full wp-image-188\" src=\"http:\/\/pozantiotokurtarma.com\/wp-content\/uploads\/2016\/02\/12736039_10153746378569504_665341927_n.jpg\" alt=\"Pozant\u0131 T\u0131r \u00c7ekici\" width=\"720\" height=\"960\" srcset=\"https:\/\/pozantiotokurtarma.com\/wp-content\/uploads\/2016\/02\/12736039_10153746378569504_665341927_n.jpg 720w, https:\/\/pozantiotokurtarma.com\/wp-content\/uploads\/2016\/02\/12736039_10153746378569504_665341927_n-225x300.jpg 225w, https:\/\/pozantiotokurtarma.com\/wp-content\/uploads\/2016\/02\/12736039_10153746378569504_665341927_n-41x55.jpg 41w\" sizes=\"(max-width: 720px) 100vw, 720px\" \/><figcaption id=\"caption-attachment-188\" class=\"wp-caption-text\">Pozant\u0131 T\u0131r \u00c7ekici<\/figcaption><\/figure>\n<figure id=\"attachment_190\" aria-describedby=\"caption-attachment-190\" style=\"width: 720px\" class=\"wp-caption alignnone\"><img loading=\"lazy\" class=\"size-full wp-image-190\" src=\"http:\/\/pozantiotokurtarma.com\/wp-content\/uploads\/2016\/02\/12746051_10153746378194504_927134726_n.jpg\" alt=\"pozant\u0131 a\u011f\u0131r ara\u00e7 kurtarma\" width=\"720\" height=\"960\" srcset=\"https:\/\/pozantiotokurtarma.com\/wp-content\/uploads\/2016\/02\/12746051_10153746378194504_927134726_n.jpg 720w, https:\/\/pozantiotokurtarma.com\/wp-content\/uploads\/2016\/02\/12746051_10153746378194504_927134726_n-225x300.jpg 225w, https:\/\/pozantiotokurtarma.com\/wp-content\/uploads\/2016\/02\/12746051_10153746378194504_927134726_n-41x55.jpg 41w\" sizes=\"(max-width: 720px) 100vw, 720px\" \/><figcaption id=\"caption-attachment-190\" class=\"wp-caption-text\">pozant\u0131 a\u011f\u0131r ara\u00e7 kurtarma<\/figcaption><\/figure>\n<figure id=\"attachment_189\" aria-describedby=\"caption-attachment-189\" style=\"width: 720px\" class=\"wp-caption alignnone\"><img loading=\"lazy\" class=\"size-full wp-image-189\" src=\"http:\/\/pozantiotokurtarma.com\/wp-content\/uploads\/2016\/02\/12736414_10153746378884504_1120846217_n.jpg\" alt=\"Pozant\u0131 T\u0131r kurtar\u0131c\u0131\" width=\"720\" height=\"960\" srcset=\"https:\/\/pozantiotokurtarma.com\/wp-content\/uploads\/2016\/02\/12736414_10153746378884504_1120846217_n.jpg 720w, https:\/\/pozantiotokurtarma.com\/wp-content\/uploads\/2016\/02\/12736414_10153746378884504_1120846217_n-225x300.jpg 225w, https:\/\/pozantiotokurtarma.com\/wp-content\/uploads\/2016\/02\/12736414_10153746378884504_1120846217_n-41x55.jpg 41w\" sizes=\"(max-width: 720px) 100vw, 720px\" \/><figcaption id=\"caption-attachment-189\" class=\"wp-caption-text\">Pozant\u0131 T\u0131r kurtar\u0131c\u0131<\/figcaption><\/figure>\n<figure id=\"attachment_195\" aria-describedby=\"caption-attachment-195\" style=\"width: 720px\" class=\"wp-caption alignnone\"><img loading=\"lazy\" class=\"size-full wp-image-195\" src=\"http:\/\/pozantiotokurtarma.com\/wp-content\/uploads\/2016\/02\/12735779_10153746379784504_1316524998_n-1.jpg\" alt=\"Pozant\u0131 Vin\u00e7\" width=\"720\" height=\"960\" srcset=\"https:\/\/pozantiotokurtarma.com\/wp-content\/uploads\/2016\/02\/12735779_10153746379784504_1316524998_n-1.jpg 720w, https:\/\/pozantiotokurtarma.com\/wp-content\/uploads\/2016\/02\/12735779_10153746379784504_1316524998_n-1-225x300.jpg 225w, https:\/\/pozantiotokurtarma.com\/wp-content\/uploads\/2016\/02\/12735779_10153746379784504_1316524998_n-1-41x55.jpg 41w\" sizes=\"(max-width: 720px) 100vw, 720px\" \/><figcaption id=\"caption-attachment-195\" class=\"wp-caption-text\">Pozant\u0131 Vin\u00e7<\/figcaption><\/figure>\n<figure id=\"attachment_197\" aria-describedby=\"caption-attachment-197\" style=\"width: 720px\" class=\"wp-caption alignnone\"><img loading=\"lazy\" class=\"size-full wp-image-197\" src=\"http:\/\/pozantiotokurtarma.com\/wp-content\/uploads\/2016\/02\/12767472_10153746379119504_732307716_n.jpg\" alt=\"pozant\u0131 oto Kurtar\u0131c\u0131\" width=\"720\" height=\"960\" srcset=\"https:\/\/pozantiotokurtarma.com\/wp-content\/uploads\/2016\/02\/12767472_10153746379119504_732307716_n.jpg 720w, https:\/\/pozantiotokurtarma.com\/wp-content\/uploads\/2016\/02\/12767472_10153746379119504_732307716_n-225x300.jpg 225w, https:\/\/pozantiotokurtarma.com\/wp-content\/uploads\/2016\/02\/12767472_10153746379119504_732307716_n-41x55.jpg 41w\" sizes=\"(max-width: 720px) 100vw, 720px\" \/><figcaption id=\"caption-attachment-197\" class=\"wp-caption-text\">pozant\u0131 oto Kurtar\u0131c\u0131<\/figcaption><\/figure>\n","protected":false},"excerpt":{"rendered":"<p>Oto Kurtar\u0131c\u0131, Kurtarma, \u00e7ekici, oto yard\u0131m Kamyon Kurtar\u0131c\u0131,&nbsp;Kurtarma, \u00e7ekici, oto yard\u0131m Otob\u00fcs Kurtar\u0131c\u0131,&nbsp;Kurtarma, \u00e7ekici, oto yard\u0131m T\u0131r Kurtar\u0131c\u0131,&nbsp;Kurtarma, \u00e7ekici, oto yard\u0131m Vin\u00e7 Forklif 0532 608 21 22 Mobil Telefonunuzdan buraya T\u0131klayarak bizi arayabilirsiniz. 0532 608 21 22 0505 541 41 28 &nbsp;<\/p>\n","protected":false},"author":1,"featured_media":0,"parent":0,"menu_order":0,"comment_status":"closed","ping_status":"closed","template":"","meta":[],"_links":{"self":[{"href":"https:\/\/pozantiotokurtarma.com\/index.php\/wp-json\/wp\/v2\/pages\/166"}],"collection":[{"href":"https:\/\/pozantiotokurtarma.com\/index.php\/wp-json\/wp\/v2\/pages"}],"about":[{"href":"https:\/\/pozantiotokurtarma.com\/index.php\/wp-json\/wp\/v2\/types\/page"}],"author":[{"embeddable":true,"href":"https:\/\/pozantiotokurtarma.com\/index.php\/wp-json\/wp\/v2\/users\/1"}],"replies":[{"embeddable":true,"href":"https:\/\/pozantiotokurtarma.com\/index.php\/wp-json\/wp\/v2\/comments?post=166"}],"version-history":[{"count":10,"href":"https:\/\/pozantiotokurtarma.com\/index.php\/wp-json\/wp\/v2\/pages\/166\/revisions"}],"predecessor-version":[{"id":533,"href":"https:\/\/pozantiotokurtarma.com\/index.php\/wp-json\/wp\/v2\/pages\/166\/revisions\/533"}],"wp:attachment":[{"href":"https:\/\/pozantiotokurtarma.com\/index.php\/wp-json\/wp\/v2\/media?parent=166"}],"curies":[{"name":"wp","href":"https:\/\/api.w.org\/{rel}","templated":true}]}}